 -19) - -7.
-1
What is the value of 2 + -7 + (-46 - -56)?
5
What is 6 - 4 - (0 - 3)?
5
What is the value of 1 + -1 + (-2 - (5 + -3))?
-4
Calculate 7 + (-11 + 13 - 3).
6
Evaluate 4 + (6 - (0 - -14)).
-4
What is the value of 9 - (15 + -10) - 0?
4
What is 11 + -17 + (4 - 0)?
-2
What is the value of 0 + (7 - 1) - 6?
0
Evaluate (5 - -3) + 0 - (0 - -1).
7
Evaluate 2 + 0 + (19 - 19).
2
Calculate -6 + (4 - (-5 - 2)).
5
Evaluate 4 - 3 - -3 - 5.
-1
(-19 - -7) + 20 - 1
7
What is the value of 5 + (-4 - -5 - 6)?
0
Evaluate (-5 - -1) + 6 + 0.
2
Calculate 6 + (-5 - (18 + -1) - -7).
-9
Calculate -1 + -3 - (0 + 0 + 1).
-5
Calculate 4 + (-2 - -7 - (11 - 2)).
0
What is -2 - 1 - (-3 - (-6 + 4))?
-2
Calculate 5 + -4 + (-4 - -2).
-1
What is 6 + -18 - (-12 + 10)?
-10
What is the value of 1 - (3 + 0) - (0 + 1)?
-3
Evaluate (139 - 137) + (0 - -1) + -1.
2
What is (1 - 2) + 3 + -2 + 1?
1
What is -8 - (3 + (-13 - -1) + 3)?
-2
Calculate -6 + (2 - 6 - (-9 - -5)).
-6
1 + 1 + -7 - 2
-7
What is (-26 - -24) + -1 + 1 + -1?
-3
Calculate (-11 - -3) + (1 - -4).
-3
What is the value of -3 + 14 - (-15 - -22)?
4
What is the value of 1 + (3 - 7) - 0?
-3
What is 3 - 0 - (5 + 3)?
-5
What is 40 + -32 + (-1 + 1 - 6)?
2
What is (-3 - (5 + (6 - 13))) + 2?
1
2 - ((1 - -3) + (1 - 0))
-3
What is (-12 - -2) + (15 + -10 - -1)?
-4
What is 1 + 1 - (0 - (-4 + -1))?
-3
What is -3 - (6 - 9) - 6?
-6
What is the value of 1 + (-5 - -8) - 6?
-2
What is -2 + 1 - 1 - 0?
-2
What is the value of 0 - 3 - -1 - (4 + -3)?
-3
What is (6 - (5 + (7 - 13))) + 0?
7
What is -1 + 4 + -6 + 8 - 5?
0
Calculate 3 + 4 + -1 + -7 + -4.
-5
What is the value of 0 + -1 - (13 + -17)?
3
What is (-1 - -3 - -1) + -1?
2
What is 1 + 3 + (3 - 5)?
2
What is the value of 0 + 2 + 3 + (6 - 6)?
5
-1 + (7 - 5 - 3) + 1
-1
What is (-18 - -22) + 0 + -9?
-5
Evaluate 7 + (0 - 5) + 1.
3
What is the value of 5 - -7 - (5 - -11)?
-4
Calculate (2 - -3) + -6 + -2 + 5.
2
Calculate 6 + (-7 + -3 - -8).
4
What is 1 - (0 - -2) - (60 + -65)?
4
What is 3 - 2 - (-1 - 3) - 3?
2
What is the value of (4 - (2 + (4 - 2))) + 3?
3
Evaluate 6 + (7 + -16 - -6).
3
Calculate (2 - (-1 + (-1 - -7))) + 6.
3
What is the value of 5 - (3 - 14 - -8 - -2)?
6
Calculate -1 - ((3 - (-3 + 9)) + 5).
-3
What is the value of -5 - (-4 + -6) - 2?
3
Evaluate 6 + (-2 - -5) + -4.
5
Calculate -1 - (-27 + 9 + 6).
11
What is the value of 37 + -24 - (3 - -5 - 1)?
6
(3 - 1) + 4 + -3 - 10
-7
What is the value of -1 - -5 - 0 - 1?
3
(8 - (-1 + 10)) + -1
-2
What is the value of -5 - (0 + 1 - (-3 - -4))?
-5
Calculate 17 - 15 - (-2 - -3).
1
0 + 8 + 29 + -35
2
What is the value of 4 + 0 + 6 + -5?
5
What is (3 - 8) + (17 - 13)?
-1
What is the value of -7 + 1 + 9 + 0?
3
10 - 10 - (1 - (3 + -1))
1
-7 + 3 - (6 + -4 + -10)
4
Evaluate 19 + 1 + -10 - 6.
4
Evaluate (3 - 0) + -3 + 5.
5
What is the value of 3 - (-2 + 5 + -1)?
1
Evaluate 0 + (0 - -3 - 1).
2
-3 + -1 + -4 + 3
-5
Evaluate (-7 - -7) + 6 - -3.
9
What is 2 + -8 + (-6 - -7)?
-5
Evaluate -3 + 1 + -4 + -1 + 7.
0
What is the value of 1 - 5 - (2 - 3)?
-3
-17 + (6 - 1) + 4
-8
Evaluate -14 - 1 - (31 - 38).
-8
What is the value of 5 + -14 + (5 - (1 + -2))?
-3
What is the value of (5 - 0) + 43 + -41?
7
What is (-5 - (0 - 23)) + -5 - 5?
8
What is (8 - (6 - -3)) + -3?
-4
-13 + (4 - 1) + 5
-5
Evaluate (2 - (-3 - (4 + -7))) + -3.
-1
What is 3 + (-4 - (-3 + -1))?
3
7 - 0 - (16 - 12)
3
What is the value of -2 + 9 + -2 + -2 - -2?
5
What is (-11 - 15 - -11) + 12?
-3
What is -2 - -3 - (-2 + 0 - -2)?
1
What is 2 + 2 - (1 - -5)?
-2
Calculate 2 - 0 - (1 - -2).
-1
Evaluate 0 + -5 - (14 - 16).
-3
Calculate -18 + 32 - (7 - -1 - 3).
9
-4 - -2 - (-3 + 0)
1
Evaluate -4 + 0 + (1 - -7) - 0.
4
Calculate -6 - (5 + (-1 - 4)).
-6
7 + (6 - 7) + (2 - 2)
6
0 + 6 + (-1 - 2 - 4)
-1
What is -2 - (-4 + -20 + 12)?
10
Calculate 13 + -18 + 2 + 5.
2
What is -11 - (-9 + 0 + 0)?
-2
Evaluate -7 + 13 - ((0 - -4) + -3).
5
Calculate 0 + -3 + 2 - -1.
0
What is 0 + -1 + -7 + 9?
1
What is the value of -3 - (-8 - -4) - 1?
0
Calculate (11 + -8 - 1) + 0.
2
Calculate 2 - (-13 + 8 + (-1 - -10)).
-2
Calculate 4 - (-4 + 5 + 3).
0
Calculate 3 + (-5 + 7 - 4).
1
Evaluate (-1 - (2 - (0 - -3))) + 0.
0
What is -7 - (-1 - (3 - (2 - 1)))?
-4
What is the value of -7 + (-9 - (-3 + -10))?
-3
Calculate (97 - 99) + 4 + -1.
1
4 + 0 + -1 - 2
1
(16 - (15 + -8)) + -7
2
Evaluate -1 + -3 + 1 + 5 + 1.
3
What is (-1 - -6) + (-64 - -58) + 3?
2
Evaluate (-3 - 0) + -2 + 2.
-3
Calculate 1 - 9 - (-6 - -2) - -5.
1
1 - (-4 + (7 - 7))
5
Calculate 9 + -5 + (0 + 2 - 9).
-3
What is (5 - -3) + -5 - 4?
-1
2 - (-3 + 0 - -4)
1
What is -33 + 33 + (0 - 3 - -2)?
-1
What is 6 + -2 + -1 + (4 - 3)?
4
Calculate (-1 - (5 - 6)) + 1.
1
What is 7 - (3 - 1 - (0 + -1))?
4
What is the value of -1 + -14 + 25 + -6?
4
What is (-7 - (-19 + 5 - -3)) + -3?
1
14 + -19 + 1 + 2
-2
What is (9 + -13 - 6) + 3?
-7
What is the value of 7 - (7 + -3) - -2 - 6?
-1
What is the value of 3 - (-3 + 4 - -10)?
-8
(-1 - 3) + -2 - (-1 - 2)
-3
Evaluate 176 - 170 - (1 - 0 - -9).
-4
Calculate -6 + (1 - -1) - (-2 + 0).
-2
What is 19 + -25 + (7 - -1)?
2
0 + (5 + -3 - 6) + 2
-2
Calculate -21 + 12 + -2 + 13.
2
Evaluate (-6 - (-9 - -8)) + 0.
-5
What is 4 + -1 - (3 + (-1 - -7))?
-6
What is 8 + 2 + -7 + 1?
4
What is the value of 3 + -6 + 2 + 5 + -9?
-5
Calculate -5 - (7 + (1 - 13)) - 2.
-2
What is the value of -4 - (-21 + (-1 - -13))?
5
Calculate -4 - (-4 + 1 + -4 - 0).
3
(4 - 7) + 2 - (13 + -11)
-3
0 + -4 + 14 + (-2 - 3)
5
Evaluate -2 + -5 + 1 + (-22 - -24).
-4
What is the value of (0 - -1) + (-5 - -9)?
5
Evaluate 1 - 0 - (-13 + 18).
-4
What is the value of (7 - -1) + (-13 - -9)?
4
Calculate 0 + 7 - (17 + 20 + -37).
7
Calculate -4 - (-3 + (3 - 6)) - 6.
-4
9 + (-2 - -13 - 18)
2
Evaluate -7 - -26 - (-7 + 18).
8
Calculate 6 + -9 + 0 - (-2 + 1).
-2
What is (-2 - 0) + 2 + (59 - 61)?
-2
What is (-80 + 80 - (1 + -4)) + -4?
-1
-2 + 14 + -4 - -2
10
What is -2 + 1 + -2 + 4 + 2?
3
What is 2 - 0 - (-4 - (-6 - 1))?
-1
What is (37 - 27) + (1 - 9)?
2
What is 1 + (-9 + 6 - -1)?
-1
Calculate 9 - ((13 - 6) + 2).
0
What is the value of -7 + (-2 - -3) + (6 - 5)?
-5
-10 + 8 + (1 - -3) + -2
0
Evaluate (5 - 10) + -1 + 11.
5
-12 + (9 - 3) + 4
-2
Calculate -4 + 10 + -17 + 8.
-3
What is the value of (0 - -5) + -5 + (5 - 2)?
3
What is the value of 1 + -9 - (5 - 11)?
-2
What is 9 + -2 - 1 - (-32 - -34)?
4
What is the value of 4 - (1 + -1 - -5)?
-1
What is the value of -5 + (2 - -1) - -2 - 2?
-2
What is the value of -9 - -5 - (2 + -1 - 4)?
-1
What is the value of -5 + 4 + 3 + -6?
-4
-16 + 22 - (3 - 0)
3
Evaluate -3 - (1 + 2 - (4 - 1)).
-3
What is 3 + 0 - 0 - (9 + -11)?
5
What is the value of -14 + 9 - (-12 - -7)?
0
2 + (-2 - (2 + -4))
2
2 + (-2 - -1) + (-13 - -15)
3
What is the value of 20 + -33 - (-8 - -4)?
-9
Calculate -8 + (8 - 6) - -2.
-4
What is (10 - -2) + (1 - 10)?
3
What is 3 + -5 + -5 + (0 - -2)?
-5
What is the value of 1 - (-10 + 12) - 1?
-2
Evaluate -4 + 2 + 2 + -2 + -2.
-4
What is the value of -1 + 9 + -5 + 1 + -5?
-1
What is 6 + 1 + 5 - 5?
7
What is 12 - (-4 + (11 - 2 - 2))?
9
Calculate -1 - (1 + (-1 - 1) - 0).
0
Evaluate 61 - 59 - (0 - -8).
-6
Calculate -2 - ((-1 - -1) + -2).
0
-20 - -10 - (-6 + 1)
-5
Evaluate -41 + 44 - (-1 + 1).
3
Calculate -1 + 3 + 2 + 0.
4
Calculate 1 + -3 + (4 - (-4 - -2)).
4
(-7 - -20) + -6 - 1
6
(12 - 2) + 3 - 17
-4
Calculate -11 - ((-1 - -4) + -5).
-9
What is the value of -7 + 1 + (2 - (9 - 13))?
0
Calculate 10 - (10 - (-6 + 5)).
-1
Evaluate -8 + 4 + -1 + 8.
3
What is the value of 5 + -9 + 11 + -8?
-1
(-28 - -24) + 2 + 5
3
(2 - 0) + -1 - (17 - 11)
-5
What is -7 - (-1 - (-4 + 3)) - -6?
-1
Evaluate -1 + 4 + 3 + -4 + -4.
-2
What is -6 + (4 - 1) + 1?
-2
What is the value of 1 + (2 - (-1 - -11)) + 4?
-3
Evaluate (3 - 5) + -2 + 6 + 1.
3
What is 7 + (-16 - (-13 + 6))?
-2
What is the value of 12 - (-11 + (-13 - -27))?
9
Calculate 1 - (13 + -7 - 2).
-3
What is the value of -10 + 6 - (0 + (-3 - -1))?
-2
What is 1 + -6 + 16 + -9?
2
(29 - 37) + 0 + 3 - 2
-7
Evaluate -4 - (5 - (1 - -4)).
-4
What is the value of (21 - (-3 - -10)) + -10?
4
Evaluate 0 - 2 - (-3 - -2) - 1.
-2
Evaluate -3 - (-3 + 1 + -5 - -4).
0
What is the value of -5 - 0 - (6 + -28 + 11)?
6
What is the value of (9 - (1 + -4) - 4) + -4?
4
Evaluate (1 - 2) + -23 + 24.
0
What is the value of 3 + -27 - -12 - -6?
-6
What is (-3 - -1